at is the units digit of 1773?
3
What is the units digit of 7544?
4
What is the tens digit of 15772?
7
What is the tens digit of 62695?
9
What is the units digit of 17225?
5
What is the tens digit of 724?
2
What is the ten thousands digit of 189130?
8
What is the hundreds digit of 9260?
2
What is the units digit of 41?
1
What is the tens digit of 2262?
6
What is the tens digit of 44284?
8
What is the units digit of 4?
4
What is the tens digit of 51083?
8
What is the tens digit of 1835?
3
What is the thousands digit of 1747?
1
What is the hundreds digit of 30867?
8
What is the units digit of 2144?
4
What is the ten thousands digit of 22116?
2
What is the units digit of 349?
9
What is the units digit of 4226?
6
What is the thousands digit of 4190?
4
What is the hundreds digit of 3743?
7
What is the tens digit of 3652?
5
What is the tens digit of 88568?
6
What is the hundred thousands digit of 106738?
1
What is the hundreds digit of 168424?
4
What is the thousands digit of 1976?
1
What is the thousands digit of 46791?
6
What is the hundreds digit of 9251?
2
What is the hundreds digit of 6125?
1
What is the units digit of 822?
2
What is the units digit of 4478?
8
What is the ten thousands digit of 32476?
3
What is the tens digit of 12866?
6
What is the tens digit of 14079?
7
What is the tens digit of 45031?
3
What is the units digit of 75227?
7
What is the ten thousands digit of 10456?
1
What is the tens digit of 1104?
0
What is the thousands digit of 8171?
8
What is the ten thousands digit of 52287?
5
What is the thousands digit of 5047?
5
What is the ten thousands digit of 25132?
2
What is the tens digit of 204?
0
What is the units digit of 10075?
5
What is the units digit of 41930?
0
What is the tens digit of 28201?
0
What is the units digit of 52235?
5
What is the thousands digit of 7280?
7
What is the tens digit of 119700?
0
What is the tens digit of 7307?
0
What is the units digit of 21047?
7
What is the hundreds digit of 58303?
3
What is the hundreds digit of 1978?
9
What is the units digit of 13044?
4
What is the tens digit of 32113?
1
What is the tens digit of 152?
5
What is the units digit of 3029?
9
What is the thousands digit of 39830?
9
What is the units digit of 505?
5
What is the tens digit of 2318?
1
What is the units digit of 15515?
5
What is the thousands digit of 7742?
7
What is the hundreds digit of 47457?
4
What is the hundreds digit of 948?
9
What is the units digit of 7934?
4
What is the hundreds digit of 4158?
1
What is the units digit of 12012?
2
What is the ten thousands digit of 10010?
1
What is the thousands digit of 4373?
4
What is the tens digit of 20?
2
What is the tens digit of 9829?
2
What is the units digit of 38990?
0
What is the tens digit of 13380?
8
What is the hundreds digit of 4123?
1
What is the units digit of 13442?
2
What is the hundreds digit of 66675?
6
What is the units digit of 5538?
8
What is the tens digit of 4918?
1
What is the tens digit of 15949?
4
What is the units digit of 107363?
3
What is the hundreds digit of 61396?
3
What is the ten thousands digit of 102304?
0
What is the ten thousands digit of 19755?
1
What is the thousands digit of 1945?
1
What is the hundreds digit of 1429?
4
What is the hundreds digit of 4003?
0
What is the tens digit of 5905?
0
What is the tens digit of 6214?
1
What is the hundreds digit of 256?
2
What is the hundreds digit of 274?
2
What is the units digit of 230?
0
What is the hundreds digit of 3597?
5
What is the hundreds digit of 13186?
1
What is the thousands digit of 24764?
4
What is the tens digit of 673?
7
What is the hundreds digit of 6509?
5
What is the hundreds digit of 21119?
1
What is the thousands digit of 9142?
9
What is the hundreds digit of 338?
3
What is the thousands digit of 1719?
1
What is the tens digit of 5480?
8
What is the units digit of 4506?
6
What is the tens digit of 525?
2
What is the hundreds digit of 3408?
4
What is the hundreds digit of 1984?
9
What is the hundreds digit of 37590?
5
What is the hundreds digit of 241?
2
What is the tens digit of 457?
5
What is the tens digit of 3164?
6
What is the hundreds digit of 88834?
8
What is the hundreds digit of 9798?
7
What is the thousands digit of 37890?
7
What is the hundreds digit of 16885?
8
What is the units digit of 3055?
5
What is the hundreds digit of 21642?
6
What is the units digit of 561?
1
What is the hundreds digit of 371?
3
What is the thousands digit of 173223?
3
What is the units digit of 5998?
8
What is the units digit of 170365?
5
What is the tens digit of 61274?
7
What is the tens digit of 766?
6
What is the hundreds digit of 1683?
6
What is the units digit of 7253?
3
What is the units digit of 34309?
9
What is the thousands digit of 8078?
8
What is the hundreds digit of 749?
7
What is the units digit of 180?
0
What is the hundreds digit of 8949?
9
What is the units digit of 24105?
5
What is the units digit of 12126?
6
What is the units digit of 1774?
4
What is the units digit of 355?
5
What is the thousands digit of 2562?
2
What is the hundreds digit of 4280?
2
What is the ten thousands digit of 42089?
4
What is the hundreds digit of 13071?
0
What is the thousands digit of 8719?
8
What is the hundred thousands digit of 112961?
1
What is the tens digit of 20518?
1
What is the hundreds digit of 85882?
8
What is the hundreds digit of 129778?
7
What is the units digit of 5364?
4
What is the hundreds digit of 999?
9
What is the units digit of 14912?
2
What is the ten thousands digit of 168345?
6
What is the units digit of 2094?
4
What is the tens digit of 66290?
9
What is the hundreds digit of 458?
4
What is the thousands digit of 15768?
5
What is the thousands digit of 21221?
1
What is the ten thousands digit of 115862?
1
What is the thousands digit of 9185?
9
What is the thousands digit of 3269?
3
What is the tens digit of 2237?
3
What is the hundreds digit of 39871?
8
What is the ten thousands digit of 10483?
1
What is the thousands digit of 45632?
5
What is the tens digit of 423?
2
What is the thousands digit of 11977?
1
What is the units digit of 644?
4
What is the tens digit of 506?
0
What is the tens digit of 1358?
5
What is the thousands digit of 8094?
8
What is the units digit of 472?
2
What is the tens digit of 7907?
0
What is the thousands digit of 23676?
3
What is the thousands digit of 6060?
6
What is the units digit of 2323?
3
What is the ten thousands digit of 69012?
6
What is the thousands digit of 28417?
8
What is the ten thousands digit of 46719?
4
What is the hundred thousands digit of 103927?
1
What is the hundreds digit of 4253?
2
What is the ten thousands digit of 65397?
6
What is the thousands digit of 1036?
1
What is the hundreds digit of 29566?
5
What is the tens digit of 433?
3
What is the tens digit of 261?
6
What is the tens digit of 814?
1
What is the hundreds digit of 2067?
0
What is the ten thousands digit of 131797?
3
What is the units digit of 12779?
9
What is the ten thousands digit of 145576?
4
What is the thousands digit of 1406?
1
What is the tens digit of 4221?
2
What is the hundreds digit of 5093?
0
What is the tens digit of 99656?
5
What is the hundreds digit of 1713?
7
What is the tens digit of 5426?
2
What is the units digit of 266?
6
What is the tens digit of 3822?
2
What is the tens digit of 699?
9
What is the hundreds digit of 7128?
1
What is the thousands digit of 38540?
8
What is the thousands digit of 47449?
7
What is the units digit of 208?
8
What is the ten thousands digit of 63433?
6
What is the units digit of 465?
5
What is the thousands digit of 3776?
3
What is the hundreds digit of 42589?
5
What is the units digit of 8402?
2
What is the tens digit of 3506?
0
What is the units digit of 366?
6
What is the tens digit of 69?
6
What is the units digit of 3758?
8
What is the units digit of 337?
7
What is the hundreds digit of 25692?
6
What is the thousands digit of 2600?
2
What is the tens digit of 1976?
7
What is the units digit of 2759?
9
What is the thousands digit of 4475?
4
What is the units digit of 203361?
1
What is the ten thousands digit of 47118?
4
What is the units digit of 2856?
6
What is the tens digit of 6700?
0
What is the units digit of 5617?
7
What is the hundreds digit of 12976?
9
What is the tens digit of 76